 factor of 492964 and 219477.
491
What is the highest common divisor of 79300573 and 70587?
7843
Calculate the greatest common factor of 338599 and 2911.
71
Calculate the highest common divisor of 666 and 3899356.
74
What is the highest common divisor of 317039858 and 43614?
4846
Calculate the highest common factor of 184 and 16127140.
92
What is the highest common divisor of 2313 and 313839?
9
Calculate the highest common divisor of 3456762 and 1147.
37
Calculate the greatest common divisor of 16506386 and 26.
26
What is the highest common factor of 22311396 and 1026?
1026
What is the greatest common divisor of 200475768 and 156?
12
Calculate the highest common divisor of 71900 and 16537.
719
What is the highest common divisor of 575308955 and 3380?
845
Calculate the highest common factor of 3346 and 16192728.
478
What is the greatest common factor of 2738465 and 202250?
4045
What is the highest common factor of 430 and 300647?
1
What is the greatest common divisor of 108 and 593649?
27
Calculate the highest common factor of 111349166 and 3776.
118
Calculate the greatest common divisor of 4991915 and 398.
199
What is the greatest common factor of 13 and 130128791?
13
What is the greatest common divisor of 16177079 and 447?
149
Calculate the greatest common divisor of 13944661 and 305.
61
Calculate the highest common divisor of 10 and 433779835.
5
Calculate the highest common factor of 4365981 and 151686.
1431
Calculate the highest common divisor of 3130 and 1388590070.
3130
Calculate the highest common divisor of 44977434 and 9222.
174
What is the greatest common factor of 266805 and 11445?
105
What is the highest common divisor of 931918 and 74?
2
Calculate the greatest common factor of 11203 and 6528713.
659
Calculate the highest common factor of 1339105 and 1070.
535
Calculate the highest common divisor of 231714252 and 756.
252
Calculate the greatest common factor of 23 and 7266827.
23
What is the highest common factor of 684501930 and 42?
42
What is the greatest common factor of 120 and 113157740?
20
What is the highest common factor of 217495118 and 172?
86
What is the greatest common divisor of 1026 and 11164716?
54
Calculate the greatest common divisor of 368 and 17961408.
16
What is the highest common factor of 3479492 and 612?
68
Calculate the highest common factor of 26210583 and 5229.
63
Calculate the highest common divisor of 323731270 and 61.
61
What is the greatest common factor of 80 and 1381090?
10
What is the greatest common factor of 235 and 20848777?
47
Calculate the greatest common factor of 2448232140 and 3540.
3540
What is the greatest common divisor of 1130 and 285720500?
1130
Calculate the greatest common divisor of 38 and 2827143.
19
What is the greatest common divisor of 1 and 40855487?
1
Calculate the greatest common divisor of 544294 and 6966.
86
What is the greatest common divisor of 19 and 161422955?
19
What is the greatest common factor of 3456 and 60273536?
128
What is the greatest common factor of 116477 and 155880?
433
What is the highest common divisor of 45 and 671060385?
45
Calculate the greatest common divisor of 678 and 44042654.
226
Calculate the highest common divisor of 836 and 6237836.
44
Calculate the greatest common divisor of 18352999 and 45325.
1813
What is the highest common factor of 534 and 95661?
3
Calculate the highest common factor of 487942 and 322.
14
Calculate the highest common divisor of 232 and 53826407.
29
Calculate the greatest common divisor of 87 and 193229291.
29
Calculate the highest common factor of 1166007 and 1233.
411
Calculate the highest common factor of 4449809 and 20223.
749
What is the highest common factor of 14217088 and 7133?
1019
Calculate the greatest common divisor of 36834 and 129102.
6
Calculate the highest common divisor of 3744 and 1453824.
288
What is the highest common divisor of 18 and 993609?
9
What is the highest common factor of 31240 and 162096?
88
Calculate the highest common divisor of 9520 and 651392.
112
Calculate the greatest common factor of 264 and 123342824.
88
What is the highest common divisor of 1788 and 160900332?
1788
What is the highest common divisor of 139839012 and 171?
171
What is the highest common divisor of 133 and 1274189?
7
What is the highest common divisor of 2035 and 18556055?
185
Calculate the greatest common divisor of 336 and 636258.
42
Calculate the highest common factor of 3219 and 2485845.
111
What is the greatest common divisor of 2025 and 188025?
75
Calculate the highest common divisor of 544709146 and 58.
58
What is the greatest common divisor of 1437371759 and 1402?
701
What is the highest common divisor of 1336 and 533536944?
1336
Calculate the greatest common factor of 75 and 2138295.
15
What is the greatest common divisor of 148632 and 1306536?
264
Calculate the highest common factor of 1070322 and 10065.
33
Calculate the greatest common divisor of 120486574 and 7384.
1846
What is the greatest common divisor of 2965148 and 7506?
278
What is the greatest common factor of 3356525 and 116937?
4331
Calculate the highest common factor of 578 and 572.
2
Calculate the greatest common factor of 137 and 378039307.
137
Calculate the greatest common factor of 9956 and 3721036.
76
What is the greatest common factor of 57630211 and 57?
19
Calculate the highest common divisor of 6511864 and 56.
8
What is the greatest common divisor of 76789 and 7719553?
4517
What is the greatest common factor of 212 and 51637476?
212
What is the greatest common factor of 372 and 175180752?
372
Calculate the greatest common factor of 968337 and 36.
9
What is the highest common factor of 90406 and 209882?
34
Calculate the highest common divisor of 175 and 24103975.
175
Calculate the highest common divisor of 5832 and 3356.
4
What is the highest common divisor of 76840 and 1248424?
904
What is the highest common divisor of 60296 and 383704?
8
What is the greatest common factor of 15643691 and 245?
49
What is the highest common factor of 1016830388 and 84?
28
What is the highest common factor of 517536 and 792?
72
Calculate the greatest common divisor of 770 and 24407768.
154
What is the greatest common divisor of 4617596 and 6368?
796
Calculate the highest common factor of 1283032 and 3059.
437
What is the greatest common divisor of 3569 and 380389?
83
What is the greatest common divisor of 309171 and 44461?
257
Calculate the highest common factor of 203391 and 1554867.
279
What is the highest common divisor of 42102300 and 50?
50
What is the greatest common factor of 1708 and 985842655?
427
What is the highest common divisor of 23838714 and 1062?
1062
Calculate the highest common divisor of 104260 and 1900740.
8020
Calculate the greatest common factor of 2022129 and 2573.
83
What is the highest common divisor of 56657 and 212053?
53
What is the highest common factor of 3816 and 1245942?
18
What is the greatest common factor of 3663 and 241263?
99
Calculate the greatest common divisor of 380931 and 79253.
41
Calculate the highest common factor of 30717495 and 270.
135
What is the greatest common factor of 164 and 66702?
2
Calculate the highest common divisor of 4226138 and 14.
14
Calculate the highest common factor of 42547934 and 806.
806
Calculate the greatest common factor of 617214 and 30750.
246
Calculate the highest common factor of 41800 and 27665.
55
Calculate the highest common divisor of 520801 and 2410.
241
Calculate the highest common divisor of 271046923 and 8596.
2149
What is the greatest common factor of 11677551 and 10917?
3639
What is the greatest common factor of 805936558 and 20804?
10402
Calculate the greatest common divisor of 2894486 and 350.
14
What is the greatest common factor of 343017666 and 334?
334
What is the greatest common factor of 19563066 and 216?
54
What is the greatest common factor of 23488811 and 29?
29
Calculate the greatest common divisor of 3782495 and 966812.
3139
What is the greatest common factor of 19182774 and 80433?
993
Calculate the highest common factor of 12714 and 452179767.
6357
Calculate the greatest common factor of 53461174 and 1255748.
15314
What is the greatest common factor of 36771 and 5477451?
357
What is the highest common factor of 3507 and 3240969?
501
Calculate the greatest comm